{"id":19,"date":"2024-07-11T08:29:28","date_gmt":"2024-07-11T08:29:28","guid":{"rendered":"https:\/\/finurlig-kunst.dk\/?page_id=19"},"modified":"2025-01-29T13:06:59","modified_gmt":"2025-01-29T13:06:59","slug":"about","status":"publish","type":"page","link":"https:\/\/finurlig-kunst.dk\/index.php\/about\/","title":{"rendered":"Om Karin"},"content":{"rendered":"[et_pb_section fb_built=&#8221;1&#8243; admin_label=&#8221;Header&#8221; _builder_version=&#8221;4.25.2&#8243; _module_preset=&#8221;208dcbd2-7e72-47e0-918d-4d26adc13295&#8243; custom_padding=&#8221;0px||0px||true|false&#8221; collapsed=&#8221;on&#8221; global_colors_info=&#8221;{}&#8221;][et_pb_row column_structure=&#8221;1_3,2_3&#8243; make_equal=&#8221;on&#8221; _builder_version=&#8221;4.26.0&#8243; _module_preset=&#8221;default&#8221; width=&#8221;100%&#8221; max_width=&#8221;none&#8221; custom_padding=&#8221;0px||0px||true|false&#8221; hover_enabled=&#8221;0&#8243; sticky_enabled=&#8221;0&#8243;][et_pb_column type=&#8221;1_3&#8243; _builder_version=&#8221;4.26.0&#8243; _module_preset=&#8221;default&#8221; background_image=&#8221;http:\/\/finurlig-kunst.dk\/wp-content\/uploads\/2024\/07\/Skaermbillede-2024-07-06-kl.-19.30.37.png&#8221; hover_enabled=&#8221;0&#8243; global_colors_info=&#8221;{}&#8221; title_text=&#8221;Sk\u00e6rmbillede 2024-07-06 kl. 19.30.37&#8243; sticky_enabled=&#8221;0&#8243;][et_pb_divider show_divider=&#8221;off&#8221; _builder_version=&#8221;4.23.2&#8243; _module_preset=&#8221;default&#8221; height_tablet=&#8221;60vw&#8221; height_phone=&#8221;100vw&#8221; height_last_edited=&#8221;on|desktop&#8221; global_colors_info=&#8221;{}&#8221;][\/et_pb_divider][\/et_pb_column][et_pb_column type=&#8221;2_3&#8243; _builder_version=&#8221;4.25.2&#8243; _module_preset=&#8221;default&#8221; custom_padding=&#8221;8%|8%|8%||true|false&#8221; custom_padding_tablet=&#8221;5%|5%|5%|5%|true|true&#8221; custom_padding_phone=&#8221;5%|5%|5%|5%|true|true&#8221; custom_padding_last_edited=&#8221;on|desktop&#8221; global_colors_info=&#8221;{}&#8221;][et_pb_heading title=&#8221;Min finurlige kunst&#8221; _builder_version=&#8221;4.26.0&#8243; _module_preset=&#8221;33cd0e7b-5c3d-4c2c-9130-48aa03446097&#8243; title_text_color=&#8221;#FFFFFF&#8221; custom_margin=&#8221;||10px||false|false&#8221; hover_enabled=&#8221;0&#8243; locked=&#8221;off&#8221; global_colors_info=&#8221;{}&#8221; sticky_enabled=&#8221;0&#8243;][\/et_pb_heading][et_pb_heading title=&#8221;Karin Kj.B&#8221; _builder_version=&#8221;4.26.0&#8243; _module_preset=&#8221;aa5eda25-1af0-4ad1-9da1-b9aa21e8a5df&#8221; title_text_color=&#8221;#FFFFFF&#8221; hover_enabled=&#8221;0&#8243; locked=&#8221;off&#8221; global_colors_info=&#8221;{}&#8221; sticky_enabled=&#8221;0&#8243;][\/et_pb_heading][et_pb_heading title=&#8221;I skabelsen af kunsten er jeg i mit eget rolige univers, hvor energier flyder, s\u00e5 der sker en sammensmeltning af den virkelig verdens vidundere koblet med min tolkning, s\u00e5ledes at finurligheder opst\u00e5r og eventyret kommer frem.&#8221; _builder_version=&#8221;4.26.0&#8243; _module_preset=&#8221;56abcb5a-742d-4c22-9171-27be526523d9&#8243; title_text_color=&#8221;#FFFFFF&#8221; max_width=&#8221;800px&#8221; hover_enabled=&#8221;0&#8243; locked=&#8221;off&#8221; global_colors_info=&#8221;{}&#8221; sticky_enabled=&#8221;0&#8243;][\/et_pb_heading][\/et_pb_column][\/et_pb_row][\/et_pb_section][et_pb_section fb_built=&#8221;1&#8243; admin_label=&#8221;About&#8221; _builder_version=&#8221;4.25.2&#8243; _module_preset=&#8221;default&#8221; collapsed=&#8221;on&#8221; global_colors_info=&#8221;{}&#8221;][et_pb_row _builder_version=&#8221;4.23.2&#8243; _module_preset=&#8221;default&#8221; hover_enabled=&#8221;0&#8243; sticky_enabled=&#8221;0&#8243;][et_pb_column type=&#8221;4_4&#8243; _builder_version=&#8221;4.23.2&#8243; _module_preset=&#8221;default&#8221; global_colors_info=&#8221;{}&#8221;][et_pb_text _builder_version=&#8221;4.26.0&#8243; _module_preset=&#8221;2b3a25f8-120e-4b50-b300-2f7e02f4886e&#8221; link_font=&#8221;||||on||||&#8221; link_text_color=&#8221;gcid-primary-color&#8221; hover_enabled=&#8221;0&#8243; global_colors_info=&#8221;{%22gcid-primary-color%22:%91%22quote_text_color%22,%22link_text_color%22%93}&#8221; sticky_enabled=&#8221;0&#8243;]<h4>Farver, vind og vejr, en dyrelyd, udsigter, detaljer, m\u00f8nstre, uorden, bev\u00e6gelser, de drivende skyer, det vilde, det rolige, \u00e5rstidernes skiften, et flygtigt glimt af et dyr \u2026er alt sammen for mig et uudt\u00f8mmeligt skatkammer, der inspirerer mit kunstneriske sind dybt og inderligt &#8211; Dugv\u00e5de glimtende spindelv\u00e6v, kombineret med juleklip og duften af gran, bliver i min hjerne p\u00e5 forunderlig vis til guirlander med perler og stjerner som juletr\u00e6spynt.<\/h4>\n<h4><\/h4>\n<h4>Store vidder, h\u00f8je fjelde, dybe dale, sk\u00f8nne s\u00f8er, endel\u00f8se skove, pittoreske landsbyer, blomstrende gr\u00f8ftekanter, uendelige marker, ensomme huse kombineret med min fascination af E. Hopper og Kubismen, har kastet mangen et farverigt maleri af penslen.<\/h4>\n<h4><\/h4>\n<h4>Morgengryet og skumringens dramatiske farveskift samt lys og skygge, serverer former for mit \u00f8je, jeg bruger i mine finurlige malerier. Jeg er optaget af at genskabe lys ved brug metalliske farver med har stor k\u00e6rlighed til detaljen og teksturen.<\/h4>\n<h4><\/h4>\n<h4>Min kunst indg\u00e5r i samlinger i mange private hjem i Europa, USA og ja, s\u00e5gar Oceanien.<\/h4>\n<h4>En Engl\u00e6nder, der ofte flytter, skrev: \u2019Karin, uanset hvor jeg bor, f\u00f8lger dit sk\u00f8nne maleri mig og f\u00e5r i hvert hjem en vigtig plads.\u2019 \u2026Lige d\u00e9r f\u00f8ler jeg mig be\u00e6ret og dybt r\u00f8rt!<\/h4>\n<h4><\/h4>\n<h4>Klik videre og kig ind i mit finurlige og snirklede kunstneriske univers \u2013 god forn\u00f8jelse, h\u00e5ber du f\u00e5r en fantalastisk oplevelse, s\u00e5 du f\u00e5r lyst til at kigge forbi min n\u00e6ste udstilling eller er blevet s\u00e5 nysgerrig, at du kontakter mig her J<\/h4>\n<h4><\/h4>\n<h4>P\u00e5 gl\u00e6deligt gensyn,<\/h4>\n<h4>Finurlig \u2013 Kunst. dk ved Karin Kj.B. \u2013 mobil: 50394026<\/h4>[\/et_pb_text][\/et_pb_column][\/et_pb_row][\/et_pb_section]","protected":false},"excerpt":{"rendered":"<p>Farver, vind og vejr, en dyrelyd, udsigter, detaljer, m\u00f8nstre, uorden, bev\u00e6gelser, de drivende skyer, det vilde, det rolige, \u00e5rstidernes skiften, et flygtigt glimt af et dyr \u2026er alt sammen for mig et uudt\u00f8mmeligt skatkammer, der inspirerer mit kunstneriske sind dybt og inderligt &#8211; Dugv\u00e5de glimtende spindelv\u00e6v, kombineret med juleklip og duften af gran, bliver i [&hellip;]<\/p>\n","protected":false},"author":2,"featured_media":0,"parent":0,"menu_order":0,"comment_status":"closed","ping_status":"closed","template":"","meta":{"_et_pb_use_builder":"on","_et_pb_old_content":"","_et_gb_content_width":"","footnotes":""},"class_list":["post-19","page","type-page","status-publish","hentry"],"_links":{"self":[{"href":"https:\/\/finurlig-kunst.dk\/index.php\/wp-json\/wp\/v2\/pages\/19","targetHints":{"allow":["GET"]}}],"collection":[{"href":"https:\/\/finurlig-kunst.dk\/index.php\/wp-json\/wp\/v2\/pages"}],"about":[{"href":"https:\/\/finurlig-kunst.dk\/index.php\/wp-json\/wp\/v2\/types\/page"}],"author":[{"embeddable":true,"href":"https:\/\/finurlig-kunst.dk\/index.php\/wp-json\/wp\/v2\/users\/2"}],"replies":[{"embeddable":true,"href":"https:\/\/finurlig-kunst.dk\/index.php\/wp-json\/wp\/v2\/comments?post=19"}],"version-history":[{"count":5,"href":"https:\/\/finurlig-kunst.dk\/index.php\/wp-json\/wp\/v2\/pages\/19\/revisions"}],"predecessor-version":[{"id":769,"href":"https:\/\/finurlig-kunst.dk\/index.php\/wp-json\/wp\/v2\/pages\/19\/revisions\/769"}],"wp:attachment":[{"href":"https:\/\/finurlig-kunst.dk\/index.php\/wp-json\/wp\/v2\/media?parent=19"}],"curies":[{"name":"wp","href":"https:\/\/api.w.org\/{rel}","templated":true}]}}

[et_pb_section fb_built=&#8221;1&#8243; admin_label=&#8221;Header&#8221; _builder_version=&#8221;4.25.2&#8243; _module_preset=&#8221;208dcbd2-7e72-47e0-918d-4d26adc13295&#8243; custom_padding=&#8221;0px||0px||true|false&#8221; collapsed=&#8221;on&#8221; global_colors_info=&#8221;{}&#8221;][et_pb_row column_structure=&#8221;1_3,2_3&#8243; make_equal=&#8221;on&#8221; _builder_version=&#8221;4.26.0&#8243; _module_preset=&#8221;default&#8221; width=&#8221;100%&#8221; max_width=&#8221;none&#8221; custom_padding=&#8221;0px||0px||true|false&#8221; hover_enabled=&#8221;0&#8243; sticky_enabled=&#8221;0&#8243;][et_pb_column type=&#8221;1_3&#8243; _builder_version=&#8221;4.26.0&#8243; _module_preset=&#8221;default&#8221; background_image=&#8221;http://finurlig-kunst.dk/wp-content/uploads/2024/07/Skaermbillede-2024-07-06-kl.-19.30.37.png&#8221; hover_enabled=&#8221;0&#8243; global_colors_info=&#8221;{}&#8221; title_text=&#8221;Skærmbillede 2024-07-06 kl. 19.30.37&#8243; sticky_enabled=&#8221;0&#8243;][et_pb_divider show_divider=&#8221;off&#8221; _builder_version=&#8221;4.23.2&#8243; _module_preset=&#8221;default&#8221; height_tablet=&#8221;60vw&#8221; height_phone=&#8221;100vw&#8221; height_last_edited=&#8221;on|desktop&#8221; global_colors_info=&#8221;{}&#8221;][/et_pb_divider][/et_pb_column][et_pb_column type=&#8221;2_3&#8243; _builder_version=&#8221;4.25.2&#8243; _module_preset=&#8221;default&#8221; custom_padding=&#8221;8%|8%|8%||true|false&#8221; custom_padding_tablet=&#8221;5%|5%|5%|5%|true|true&#8221; custom_padding_phone=&#8221;5%|5%|5%|5%|true|true&#8221; custom_padding_last_edited=&#8221;on|desktop&#8221; global_colors_info=&#8221;{}&#8221;][et_pb_heading title=&#8221;Min finurlige kunst&#8221; _builder_version=&#8221;4.26.0&#8243; _module_preset=&#8221;33cd0e7b-5c3d-4c2c-9130-48aa03446097&#8243; title_text_color=&#8221;#FFFFFF&#8221; custom_margin=&#8221;||10px||false|false&#8221; hover_enabled=&#8221;0&#8243; locked=&#8221;off&#8221; global_colors_info=&#8221;{}&#8221; sticky_enabled=&#8221;0&#8243;][/et_pb_heading][et_pb_heading title=&#8221;Karin Kj.B&#8221; _builder_version=&#8221;4.26.0&#8243; _module_preset=&#8221;aa5eda25-1af0-4ad1-9da1-b9aa21e8a5df&#8221; title_text_color=&#8221;#FFFFFF&#8221; hover_enabled=&#8221;0&#8243; locked=&#8221;off&#8221; global_colors_info=&#8221;{}&#8221; sticky_enabled=&#8221;0&#8243;][/et_pb_heading][et_pb_heading title=&#8221;I skabelsen af kunsten er jeg i mit eget rolige univers, hvor energier flyder, så der sker en sammensmeltning af den virkelig verdens vidundere koblet med min tolkning, således at finurligheder opstår og eventyret kommer frem.&#8221; _builder_version=&#8221;4.26.0&#8243; _module_preset=&#8221;56abcb5a-742d-4c22-9171-27be526523d9&#8243; title_text_color=&#8221;#FFFFFF&#8221; max_width=&#8221;800px&#8221; hover_enabled=&#8221;0&#8243; locked=&#8221;off&#8221; global_colors_info=&#8221;{}&#8221; sticky_enabled=&#8221;0&#8243;][/et_pb_heading][/et_pb_column][/et_pb_row][/et_pb_section][et_pb_section fb_built=&#8221;1&#8243; admin_label=&#8221;About&#8221; _builder_version=&#8221;4.25.2&#8243; _module_preset=&#8221;default&#8221; collapsed=&#8221;on&#8221; global_colors_info=&#8221;{}&#8221;][et_pb_row _builder_version=&#8221;4.23.2&#8243; _module_preset=&#8221;default&#8221; hover_enabled=&#8221;0&#8243; sticky_enabled=&#8221;0&#8243;][et_pb_column type=&#8221;4_4&#8243; _builder_version=&#8221;4.23.2&#8243; _module_preset=&#8221;default&#8221; global_colors_info=&#8221;{}&#8221;][et_pb_text _builder_version=&#8221;4.26.0&#8243; _module_preset=&#8221;2b3a25f8-120e-4b50-b300-2f7e02f4886e&#8221; link_font=&#8221;||||on||||&#8221; link_text_color=&#8221;gcid-primary-color&#8221; hover_enabled=&#8221;0&#8243; global_colors_info=&#8221;{%22gcid-primary-color%22:%91%22quote_text_color%22,%22link_text_color%22%93}&#8221; sticky_enabled=&#8221;0&#8243;]<h4>Farver, vind og vejr, en dyrelyd, udsigter, detaljer, mønstre, uorden, bevægelser, de drivende skyer, det vilde, det rolige, årstidernes skiften, et flygtigt glimt af et dyr …er alt sammen for mig et uudtømmeligt skatkammer, der inspirerer mit kunstneriske sind dybt og inderligt &#8211; Dugvåde glimtende spindelvæv, kombineret med juleklip og duften af gran, bliver i min hjerne på forunderlig vis til guirlander med perler og stjerner som juletræspynt.</h4>
<h4></h4>
<h4>Store vidder, høje fjelde, dybe dale, skønne søer, endeløse skove, pittoreske landsbyer, blomstrende grøftekanter, uendelige marker, ensomme huse kombineret med min fascination af E. Hopper og Kubismen, har kastet mangen et farverigt maleri af penslen.</h4>
<h4></h4>
<h4>Morgengryet og skumringens dramatiske farveskift samt lys og skygge, serverer former for mit øje, jeg bruger i mine finurlige malerier. Jeg er optaget af at genskabe lys ved brug metalliske farver med har stor kærlighed til detaljen og teksturen.</h4>
<h4></h4>
<h4>Min kunst indgår i samlinger i mange private hjem i Europa, USA og ja, sågar Oceanien.</h4>
<h4>En Englænder, der ofte flytter, skrev: ’Karin, uanset hvor jeg bor, følger dit skønne maleri mig og får i hvert hjem en vigtig plads.’ …Lige dér føler jeg mig beæret og dybt rørt!</h4>
<h4></h4>
<h4>Klik videre og kig ind i mit finurlige og snirklede kunstneriske univers – god fornøjelse, håber du får en fantalastisk oplevelse, så du får lyst til at kigge forbi min næste udstilling eller er blevet så nysgerrig, at du kontakter mig her J</h4>
<h4></h4>
<h4>På glædeligt gensyn,</h4>
<h4>Finurlig – Kunst. dk ved Karin Kj.B. – mobil: 50394026</h4>[/et_pb_text][/et_pb_column][/et_pb_row][/et_pb_section]

<p>Farver, vind og vejr, en dyrelyd, udsigter, detaljer, mønstre, uorden, bevægelser, de drivende skyer, det vilde, det rolige, årstidernes skiften, et flygtigt glimt af et dyr …er alt sammen for mig et uudtømmeligt skatkammer, der inspirerer mit kunstneriske sind dybt og inderligt &#8211; Dugvåde glimtende spindelvæv, kombineret med juleklip og duften af gran, bliver i [&hellip;]</p>
